{"id":4177,"date":"2014-10-30T09:08:16","date_gmt":"2014-10-30T12:08:16","guid":{"rendered":"http:\/\/www.isas.edu.ar\/web\/?page_id=4177"},"modified":"2020-10-27T08:49:03","modified_gmt":"2020-10-27T11:49:03","slug":"alumnos-sin-secundario","status":"publish","type":"page","link":"http:\/\/www.isas.edu.ar\/web\/alumnos-sin-secundario\/","title":{"rendered":"Alumnos sin Secundario"},"content":{"rendered":"<p><span style=\"color: #000000;\">La\u00a0Disposici\u00f3n <strong><span style=\"color: #000080;\"><a style=\"color: #000080;\" href=\"http:\/\/www.isas.edu.ar\/web\/wp-content\/uploads\/2014\/10\/disp128.pdf\">128\/11<\/a><\/span><\/strong>\u00a0DGEGP establece una excepci\u00f3n a las condiciones de ingreso a las instituciones de educaci\u00f3n superior para las personas mayores de veinticinco a\u00f1os que no completaron los estudios secundarios y determina las condiciones de la evaluaci\u00f3n a rendir por parte de los aspirantes.<\/span><\/p>\n<p><span style=\"color: #000000;\">La evaluaci\u00f3n consta de una prueba de conocimientos y una entrevista dirigida\u00a0a acreditar que tiene preparaci\u00f3n y\/o experiencia laboral\u00a0acorde con los estudios que se proponen iniciar, as\u00ed como aptitudes y conocimientos suficientes para<\/span><br \/>\n<span style=\"color: #000000;\">cursarlos satisfactoriamente. A quien la haya aprobado se le extender\u00e1 una constancia de acreditaci\u00f3n<\/span><br \/>\n<span style=\"color: #000000;\">de saberes previos.<\/span><\/p>\n<p><span style=\"color: #000000;\">Si esa es tu situaci\u00f3n debes presentar en Secretaria antes del 19 de diciembre :<\/span><\/p>\n<p><span style=\"color: #000000;\">&#8211; DNI original y copia<\/span><\/p>\n<p><span style=\"color: #000000;\">&#8211; Titulo Primario original y Copia<\/span><\/p>\n<p><span style=\"color: #000000;\">&#8211; Analitico de materias cursadas y aprobadas del Secundario.<\/span><\/p>\n<p><span style=\"color: #000000;\">&#8211; Antecedentes en Turismo Aventura y\/o Trekking.<\/span><\/p>\n<p><span style=\"color: #000000;\">&#8211; Nota solicitando Evaluaci\u00f3n por parte del Instituto y del Ministerio.<\/span><\/p>\n","protected":false},"excerpt":{"rendered":"<p>La\u00a0Disposici\u00f3n 128\/11\u00a0DGEGP establece una excepci\u00f3n a las condiciones de ingreso a las instituciones de educaci\u00f3n superior para las personas mayores de veinticinco a\u00f1os que no completaron los estudios secundarios y determina las condiciones de la evaluaci\u00f3n a rendir por parte de los aspirantes. La evaluaci\u00f3n consta de una prueba de conocimientos y una entrevista dirigida\u00a0a&#8230; <\/p>\n<div class=\"clear\"><\/div>\n<p><a href=\"http:\/\/www.isas.edu.ar\/web\/alumnos-sin-secundario\/\" class=\"gdlr-button with-border excerpt-read-more\">Read More<\/a><\/p>\n","protected":false},"author":1,"featured_media":0,"parent":0,"menu_order":0,"comment_status":"closed","ping_status":"open","template":"","meta":{"footnotes":""},"_links":{"self":[{"href":"http:\/\/www.isas.edu.ar\/web\/wp-json\/wp\/v2\/pages\/4177"}],"collection":[{"href":"http:\/\/www.isas.edu.ar\/web\/wp-json\/wp\/v2\/pages"}],"about":[{"href":"http:\/\/www.isas.edu.ar\/web\/wp-json\/wp\/v2\/types\/page"}],"author":[{"embeddable":true,"href":"http:\/\/www.isas.edu.ar\/web\/wp-json\/wp\/v2\/users\/1"}],"replies":[{"embeddable":true,"href":"http:\/\/www.isas.edu.ar\/web\/wp-json\/wp\/v2\/comments?post=4177"}],"version-history":[{"count":6,"href":"http:\/\/www.isas.edu.ar\/web\/wp-json\/wp\/v2\/pages\/4177\/revisions"}],"predecessor-version":[{"id":9481,"href":"http:\/\/www.isas.edu.ar\/web\/wp-json\/wp\/v2\/pages\/4177\/revisions\/9481"}],"wp:attachment":[{"href":"http:\/\/www.isas.edu.ar\/web\/wp-json\/wp\/v2\/media?parent=4177"}],"curies":[{"name":"wp","href":"https:\/\/api.w.org\/{rel}","templated":true}]}}