{"id":4171,"date":"2014-10-30T08:59:16","date_gmt":"2014-10-30T11:59:16","guid":{"rendered":"http:\/\/www.isas.edu.ar\/web\/?page_id=4171"},"modified":"2024-08-09T14:25:12","modified_gmt":"2024-08-09T17:25:12","slug":"alumnos-extranjeros","status":"publish","type":"page","link":"http:\/\/www.isas.edu.ar\/web\/alumnos-extranjeros\/","title":{"rendered":"Alumnos Extranjeros"},"content":{"rendered":"<div class=\"content-content clearfix\">\n<p><span style=\"color: #000000;\">Extranjeros:<\/span><\/p>\n<\/div>\n<p><span style=\"color: #000000;\">El instituto le permite a estudiantes de latinoamerica y otros paises del mundo a inscribirse en nuestras carreras y cursos. Para ello se debe cumplir con una documentacion requerida para aquellos alumnos extranjeros:<\/span><\/p>\n<ul>\n<li><span style=\"color: #000000;\">Original y Fotocopia de Documento Nacional de Identidad, Pasaporte o Visa de estudios en su caso.<\/span><\/li>\n<li><span style=\"color: #000000;\">2 Fotos carnet 4 x 4.<\/span><\/li>\n<li><span style=\"color: #000000;\">Apto psicof\u00edsico<\/span><\/li>\n<li><span style=\"color: #000000;\">Convalidaci\u00f3n o reconocimiento del t\u00edtulo de estudios secundarios del pa\u00eds de origen.<\/span><\/li>\n<\/ul>\n<p><span style=\"color: #000000;\">Para m\u00e1s informaci\u00f3n acerca de tr\u00e1mites de convalidaci\u00f3n y reconocimiento de estudios en el extranjero podes ingresar a:<\/span><\/p>\n<p>https:\/\/www.argentina.gob.ar\/educacion\/tramites\/reconocer-titulo-secundario-de-paises-sin-convenio<\/p>\n<p>https:\/\/www.argentina.gob.ar\/educacion\/tramites\/convalidar-titulo-secundario-de-paises-con-convenio<\/p>\n","protected":false},"excerpt":{"rendered":"<p>Extranjeros: El instituto le permite a estudiantes de latinoamerica y otros paises del mundo a inscribirse en nuestras carreras y cursos. Para ello se debe cumplir con una documentacion requerida para aquellos alumnos extranjeros: Original y Fotocopia de Documento Nacional de Identidad, Pasaporte o Visa de estudios en su caso. 2 Fotos carnet 4 x&#8230; <\/p>\n<div class=\"clear\"><\/div>\n<p><a href=\"http:\/\/www.isas.edu.ar\/web\/alumnos-extranjeros\/\" class=\"gdlr-button with-border excerpt-read-more\">Read More<\/a><\/p>\n","protected":false},"author":1,"featured_media":0,"parent":0,"menu_order":0,"comment_status":"closed","ping_status":"open","template":"","meta":{"footnotes":""},"_links":{"self":[{"href":"http:\/\/www.isas.edu.ar\/web\/wp-json\/wp\/v2\/pages\/4171"}],"collection":[{"href":"http:\/\/www.isas.edu.ar\/web\/wp-json\/wp\/v2\/pages"}],"about":[{"href":"http:\/\/www.isas.edu.ar\/web\/wp-json\/wp\/v2\/types\/page"}],"author":[{"embeddable":true,"href":"http:\/\/www.isas.edu.ar\/web\/wp-json\/wp\/v2\/users\/1"}],"replies":[{"embeddable":true,"href":"http:\/\/www.isas.edu.ar\/web\/wp-json\/wp\/v2\/comments?post=4171"}],"version-history":[{"count":7,"href":"http:\/\/www.isas.edu.ar\/web\/wp-json\/wp\/v2\/pages\/4171\/revisions"}],"predecessor-version":[{"id":9480,"href":"http:\/\/www.isas.edu.ar\/web\/wp-json\/wp\/v2\/pages\/4171\/revisions\/9480"}],"wp:attachment":[{"href":"http:\/\/www.isas.edu.ar\/web\/wp-json\/wp\/v2\/media?parent=4171"}],"curies":[{"name":"wp","href":"https:\/\/api.w.org\/{rel}","templated":true}]}}