{"id":4139,"date":"2014-10-29T09:22:27","date_gmt":"2014-10-29T12:22:27","guid":{"rendered":"http:\/\/www.isas.edu.ar\/web\/?page_id=4139"},"modified":"2025-10-06T10:38:37","modified_gmt":"2025-10-06T13:38:37","slug":"inscripcion","status":"publish","type":"page","link":"http:\/\/www.isas.edu.ar\/web\/inscripcion\/","title":{"rendered":"INSCRIPCI\u00d3N INICIO MARZO"},"content":{"rendered":"<h4><span style=\"font-size: inherit;\">Periodo de inscripci\u00f3n para inicio marzo 2026: octubre 2025 al marzo 2026- <a href=\"http:\/\/www.isas.edu.ar\/web\/inscripcion2022\/\" target=\"_blank\" rel=\"noopener noreferrer\">Solo por web<\/a> &#8211;<\/span><\/h4>\n<p>DOCUMENTACI\u00d3N A PRESENTAR&nbsp;<\/p>\n<ul style=\"list-style-type: disc;\">\n<li><strong><span style=\"color: #000000;\"><span style=\"font-family: verdana, geneva;\">T\u00edtulo secundario, original y copia <span style=\"font-size: 8pt;\">(Tenes que traer el titulo anal\u00edtico original)&nbsp;<\/span><\/span><\/span><\/strong><\/li>\n<li><span style=\"color: #000000;\"><span style=\"font-family: verdana, geneva;\"><span style=\"color: #000000; font-family: verdana, geneva;\"><b>En caso de no tener titulo: Denuncia de extrav\u00edo,&nbsp;<\/b><\/span><\/span><span style=\"color: #000000;\"><b>Constancia de titulo en tr\u00e1mite o certificado de alumno regular donde conste finalizaci\u00f3n de estudios y cantidad de materias adeudadas.<\/b><\/span><span style=\"font-family: verdana, geneva;\">&nbsp;<\/span><\/span><\/li>\n<li><strong><span style=\"font-family: verdana, geneva; color: #000000;\">Original y copia de DNI<\/span><\/strong><\/li>\n<li><span style=\"text-decoration: underline; color: #000000;\"><strong>Apto m\u00e9dico Psico &#8211; F\u00edsico<\/strong><\/span><\/li>\n<li><strong><span style=\"font-family: verdana, geneva; color: #000000;\">Foto.<\/span><\/strong><\/li>\n<li><strong><span style=\"font-family: verdana, geneva; color: #000000;\">Abonar Matricula.<\/span><\/strong><\/li>\n<\/ul>\n<p><span style=\"font-size: 12pt;\">El apto PSICOFISICO solic\u00edtalo a tu medico de cabecera o en un hospital. Obligatorio a presentar al inicio de cursada.-<\/span><\/p>\n<p><strong>BECAS ISAS:<\/strong><\/p>\n<ul>\n<li>Si necesitas, podes solicitar una beca a partir del segundo cuatrimestre a trav\u00e9s de nuestro programa de<\/li>\n<\/ul>\n<p>Becas al esfuerzo compartido ingresa al link y encontraras m\u00e1s informaci\u00f3n: <a class=\"fasc-button fasc-size-medium fasc-type-glossy fasc-rounded-medium fasc-style-bold\" style=\"background-color: #ffffff; color: #030303;\" target=\"_blank\" rel=\"noopener noreferrer\" href=\"http:\/\/www.isas.edu.ar\/web\/programa-de-becas-al-esfuerzo-compartido\/\">SOLICITUD BECA<\/a> &nbsp;<\/p>\n<p>&nbsp;<\/p>\n<p style=\"text-align: right;\"><strong>Inicio de Clases <\/strong>:<\/p>\n<p style=\"text-align: right;\">17 marzo 2026 &#8211; 18:55 hs<\/p>\n<p style=\"text-align: right;\">&nbsp;<\/p>\n<p style=\"text-align: right;\">&nbsp;<\/p>\n<p><span style=\"font-family: verdana, geneva; color: #000000;\"><strong>Instituto Superior Andes del Sur (a-1407)<\/strong><\/span><\/p>\n<p><strong><span style=\"color: #000000; font-family: verdana, geneva;\">Av. RIVADAVIA 5652- CIUDAD AUT\u00d3NOMA DE BUENOS AIRES<\/span><\/strong><\/p>\n","protected":false},"excerpt":{"rendered":"<p>Periodo de inscripci\u00f3n para inicio marzo 2026: octubre 2025 al marzo 2026- Solo por web &#8211; DOCUMENTACI\u00d3N A PRESENTAR&nbsp; T\u00edtulo secundario, original y copia (Tenes que traer el titulo anal\u00edtico original)&nbsp; En caso de no tener titulo: Denuncia de extrav\u00edo,&nbsp;Constancia de titulo en tr\u00e1mite o certificado de alumno regular donde conste finalizaci\u00f3n de estudios y&#8230; <\/p>\n<div class=\"clear\"><\/div>\n<p><a href=\"http:\/\/www.isas.edu.ar\/web\/inscripcion\/\" class=\"gdlr-button with-border excerpt-read-more\">Read More<\/a><\/p>\n","protected":false},"author":1,"featured_media":0,"parent":0,"menu_order":0,"comment_status":"closed","ping_status":"open","template":"","meta":{"footnotes":""},"_links":{"self":[{"href":"http:\/\/www.isas.edu.ar\/web\/wp-json\/wp\/v2\/pages\/4139"}],"collection":[{"href":"http:\/\/www.isas.edu.ar\/web\/wp-json\/wp\/v2\/pages"}],"about":[{"href":"http:\/\/www.isas.edu.ar\/web\/wp-json\/wp\/v2\/types\/page"}],"author":[{"embeddable":true,"href":"http:\/\/www.isas.edu.ar\/web\/wp-json\/wp\/v2\/users\/1"}],"replies":[{"embeddable":true,"href":"http:\/\/www.isas.edu.ar\/web\/wp-json\/wp\/v2\/comments?post=4139"}],"version-history":[{"count":10,"href":"http:\/\/www.isas.edu.ar\/web\/wp-json\/wp\/v2\/pages\/4139\/revisions"}],"predecessor-version":[{"id":29948,"href":"http:\/\/www.isas.edu.ar\/web\/wp-json\/wp\/v2\/pages\/4139\/revisions\/29948"}],"wp:attachment":[{"href":"http:\/\/www.isas.edu.ar\/web\/wp-json\/wp\/v2\/media?parent=4139"}],"curies":[{"name":"wp","href":"https:\/\/api.w.org\/{rel}","templated":true}]}}