{"id":3499,"date":"2014-10-05T10:27:42","date_gmt":"2014-10-05T13:27:42","guid":{"rendered":"http:\/\/www.isas.edu.ar\/web\/?page_id=3499"},"modified":"2014-10-17T19:20:37","modified_gmt":"2014-10-17T22:20:37","slug":"carreras","status":"publish","type":"page","link":"http:\/\/www.isas.edu.ar\/web\/carreras\/","title":{"rendered":"CARRERAS"},"content":{"rendered":"<h5>El Instituto Superior Andes del Sur te ofrece carreras con T\u00edtulos Oficiales reconocidos por el Ministerio de Educaci\u00f3n:<\/h5>\n<p>&nbsp;<\/p>\n<p><span style=\"font-size: 8pt;\">&#8211;<span style=\"font-size: 10pt;\"><span style=\"font-size: 12pt;\"><strong> TECNICO SUPERIOR\u00a0<a title=\"Gu\u00eda de Turismo Aventura\" href=\"http:\/\/www.isas.edu.ar\/web\/guia-de-turismo-aventura\/\">GUIA DE TURISMO AVENTURA<\/a> <\/strong><\/span>&#8211; 2 a\u00f1os y 1\/2 &#8211; \u00a0MEGC 8037\/08. Titulo Oficial. Habilitado por Pques. Nacionales. Otorga Puntaje Docente<\/span><\/span><\/p>\n<p style=\"text-align: justify;\"><span style=\"font-size: 10pt;\">&#8211; <span style=\"font-size: 12pt;\"><strong>TECNICO SUPERIOR\u00a0<a title=\"Gu\u00eda de Trekking en Cordillera\" href=\"http:\/\/www.isas.edu.ar\/web\/guia-de-trekking-en-cordillera\/\">GUIA DE TREKKING EN CORDILLERA<\/a><\/strong> <\/span>&#8211; 2 a\u00f1os y 1\/2 &#8211; \u00a0MEGC\/8037\/08.\u00a0Titulo Oficial. Habilitado por Pques. Nacionales. Puntaje Docente<\/span><\/p>\n<p style=\"text-align: justify;\"><span style=\"font-size: 10pt;\">&#8211; <span style=\"font-size: 12pt;\"><strong><a title=\"Tecnicatura en Vida en la Naturaleza\" href=\"http:\/\/www.isas.edu.ar\/web\/instructor-de-vida-en-la-naturaleza\/\">TECNICO SUPERIOR \u00a0EN VIDA EN LA NATURALEZA<\/a><\/strong><\/span> &#8211;\u00a02 a\u00f1os y 1\/2 &#8211; MEGC 17\/14. Titulo Oficial. Otorga Puntaje Docente. Equivalencias PROFES EF.<\/span><\/p>\n<p style=\"text-align: justify;\"><span style=\"font-size: 10pt;\"><span style=\"font-size: 12pt;\"><strong>&#8211; CERTIFICADO DE FORMACI\u00d3N PROFESIONAL EN GU\u00cdA INT\u00c9RPRETE AMBIENTAL<\/strong><\/span>\u00a0&#8211;\u00a02 a\u00f1os \u00a0&#8211; . Titulo Oficial. Otorga Puntaje Docente.\u00a0<\/span><\/p>\n<p style=\"text-align: right;\"><a href=\"http:\/\/www.isas.edu.ar\/web\/wp-content\/uploads\/2014\/10\/logo-original-sin-fondo.png\"><img loading=\"lazy\" decoding=\"async\" class=\"alignnone size-medium wp-image-3439\" src=\"http:\/\/www.isas.edu.ar\/web\/wp-content\/uploads\/2014\/10\/logo-original-sin-fondo-300x220.png\" alt=\"logo original sin fondo\" width=\"300\" height=\"220\" \/><\/a><\/p>\n","protected":false},"excerpt":{"rendered":"<p>El Instituto Superior Andes del Sur te ofrece carreras con T\u00edtulos Oficiales reconocidos por el Ministerio de Educaci\u00f3n: &nbsp; &#8211; TECNICO SUPERIOR\u00a0GUIA DE TURISMO AVENTURA &#8211; 2 a\u00f1os y 1\/2 &#8211; \u00a0MEGC 8037\/08. Titulo Oficial. Habilitado por Pques. Nacionales. Otorga Puntaje Docente &#8211; TECNICO SUPERIOR\u00a0GUIA DE TREKKING EN CORDILLERA &#8211; 2 a\u00f1os y 1\/2 &#8211;&#8230; <\/p>\n<div class=\"clear\"><\/div>\n<p><a href=\"http:\/\/www.isas.edu.ar\/web\/carreras\/\" class=\"gdlr-button with-border excerpt-read-more\">Read More<\/a><\/p>\n","protected":false},"author":1,"featured_media":0,"parent":0,"menu_order":0,"comment_status":"closed","ping_status":"open","template":"","meta":{"footnotes":""},"_links":{"self":[{"href":"http:\/\/www.isas.edu.ar\/web\/wp-json\/wp\/v2\/pages\/3499"}],"collection":[{"href":"http:\/\/www.isas.edu.ar\/web\/wp-json\/wp\/v2\/pages"}],"about":[{"href":"http:\/\/www.isas.edu.ar\/web\/wp-json\/wp\/v2\/types\/page"}],"author":[{"embeddable":true,"href":"http:\/\/www.isas.edu.ar\/web\/wp-json\/wp\/v2\/users\/1"}],"replies":[{"embeddable":true,"href":"http:\/\/www.isas.edu.ar\/web\/wp-json\/wp\/v2\/comments?post=3499"}],"version-history":[{"count":8,"href":"http:\/\/www.isas.edu.ar\/web\/wp-json\/wp\/v2\/pages\/3499\/revisions"}],"predecessor-version":[{"id":4219,"href":"http:\/\/www.isas.edu.ar\/web\/wp-json\/wp\/v2\/pages\/3499\/revisions\/4219"}],"wp:attachment":[{"href":"http:\/\/www.isas.edu.ar\/web\/wp-json\/wp\/v2\/media?parent=3499"}],"curies":[{"name":"wp","href":"https:\/\/api.w.org\/{rel}","templated":true}]}}