{"id":3291,"date":"2014-10-02T19:19:34","date_gmt":"2014-10-02T19:19:34","guid":{"rendered":"http:\/\/www.isas.edu.ar\/web\/?page_id=3291"},"modified":"2015-11-01T17:19:09","modified_gmt":"2015-11-01T20:19:09","slug":"instructor-de-vida-en-la-naturaleza","status":"publish","type":"page","link":"http:\/\/www.isas.edu.ar\/web\/instructor-de-vida-en-la-naturaleza\/","title":{"rendered":"Tecnicatura Superior en Vida en la Naturaleza"},"content":{"rendered":"<h2>Nivel terciario &#8211; T\u00edtulo oficial \u2013 2 a\u00f1os y medio.<\/h2>\n<p><span style=\"font-size: 14pt;\"><strong><em>(plan reducido para profesores de Educaci\u00f3n F\u00edsica por equivalencias : 2 a\u00f1os)<\/em><\/strong><\/span><\/p>\n<hr \/>\n<p>El <em>T\u00e9cnico Superior en Vida en la Naturaleza<\/em> es un profesional capacitado para la organizaci\u00f3n y conducci\u00f3n integral de actividades f\u00edsicas, deportivas y recreativas en\u00a0escenarios naturales. En su labor transmite valores y actitudes favorables hacia el cuidado del ambiente y el\u00a0respeto de las personas. Su especialidad son los campamentos y convivencias grupales, pudiendo emplear en dichos campamentos diversas t\u00e9cnicas recreativas y espec\u00edficas de los deportes de aventura, a efectos de lograr que los grupos que acompa\u00f1a logren un contacto mas \u00edntegro y estrecho con la Naturaleza .<\/p>\n<p>El t\u00edtulo es reconocido como habilitante para el dictado de la asignatura Recreaci\u00f3n en escuelas secundarias. Otorga como tal 2 puntos para docentes, en el rubro otros t\u00edtulos.<\/p>\n<h5><\/h5>\n<p><span style=\"text-decoration: underline;\">PLAN DE ESTUDIOS<\/span> <\/p>\n<div class=\"gdlr-shortcode-wrapper gdlr-row-shortcode\">\n<div class=\"four columns\">\n<div class=\"gdlr-item gdlr-column-shortcode\">\n<h3 class=\"p1\">1\u00baA\u00d1O<\/h3>\n<h5 class=\"p1\">1er Cuatrimestre<\/h5>\n<p class=\"p1\">Orientaci\u00f3n y Cartograf\u00eda Trekking y Caminatas I Cabuyer\u00eda, Nudos y Equipo \u00a0Actividades Recreativas I \u00a0Primeros Auxilios I Taller de Vida en la Naturaleza \u00a0Taller de Construcciones con Cuerdas | \u00a0Cicloturismo \u00a0Taller de Rappel<\/p>\n<h5 class=\"p2\">2do Cuatrimestre<\/h5>\n<p class=\"p2\">Primeros Auxilios II I Deportes de Aventura I Nutricion y Cocina en Campamentos | Taller de organizaci\u00f3n de campamentos | Fundamentos del Tiempo Libre Narraci\u00f3n Oral \u00a0 <\/div>\n<\/div>\n<div class=\"four columns\">\n<div class=\"gdlr-item gdlr-column-shortcode\">\n<h3 class=\"p1\">2\u00baA\u00d1O<\/h3>\n<h5 class=\"p1\">1er Cuatrimestre<\/h5>\n<p class=\"p1\">Taller de Elaboraci\u00f3n de Proyectos Juegos en la Naturaleza Taller de Mitos y Leyendas Argentinas | Protecci\u00f3n Ambiental Taller de Astronom\u00eda Deportes de Aventura II \u00a0| Iniciaci\u00f3n a la Escalada \u00a0Deporte de Orientaci\u00f3n \u00a0| Navegaci\u00f3n a Remo y Canotaje<\/p>\n<h5 class=\"p1\">2do Cuatrimestre<\/h5>\n<p class=\"p1\">Competencias de Aventura Legislaci\u00f3n | Din\u00e1mica de grupos \u00a0Etica Profesional \u00a0| \u00a0Actividades Campamentiles \u00a0 | Taller de Animaci\u00f3n de Fogones \u00a0| \u00a0Pr\u00e1ctica Final en Vida en la Naturaleza<\/p>\n<p class=\"p1\"><\/div>\n<\/div>\n<p class=\"p1\">\n<div class=\"clear\"><\/div>\n<\/div>\n<p> \u00a0 <em><strong>PLAN DE SALIDAS<\/strong><\/em> Durante las salidas se integran conocimientos de las distintas materias, poniendo \u00e9nfasis en la aplicaci\u00f3n pr\u00e1ctica de contenidos. <span style=\"color: #000080;\">TOTAL: 9 SALIDAS en toda la carrera<\/span> Profesores de EDUC. FISICA:: Plan de salidas reducido 2 SALIDAS EN 1er A\u00f1o \u2013 3 SALIDAS EN 2do A\u00f1o. Total 5 salidas de Campamento \u00a0 <em>Ejemplos de destinos:<\/em> Ezeiza \u2013 Gualeguaych\u00fa \u2013 C\u00f3rdoba. \u2013 San Rafael y San Mart\u00edn de los Andes<\/p>\n","protected":false},"excerpt":{"rendered":"<p>Nivel terciario &#8211; T\u00edtulo oficial \u2013 2 a\u00f1os y medio. (plan reducido para profesores de Educaci\u00f3n F\u00edsica por equivalencias : 2 a\u00f1os) El T\u00e9cnico Superior en Vida en la Naturaleza es un profesional capacitado para la organizaci\u00f3n y conducci\u00f3n integral de actividades f\u00edsicas, deportivas y recreativas en\u00a0escenarios naturales. En su labor transmite valores y actitudes&#8230; <\/p>\n<div class=\"clear\"><\/div>\n<p><a href=\"http:\/\/www.isas.edu.ar\/web\/instructor-de-vida-en-la-naturaleza\/\" class=\"gdlr-button with-border excerpt-read-more\">Read More<\/a><\/p>\n","protected":false},"author":1,"featured_media":0,"parent":0,"menu_order":0,"comment_status":"closed","ping_status":"closed","template":"","meta":{"footnotes":""},"_links":{"self":[{"href":"http:\/\/www.isas.edu.ar\/web\/wp-json\/wp\/v2\/pages\/3291"}],"collection":[{"href":"http:\/\/www.isas.edu.ar\/web\/wp-json\/wp\/v2\/pages"}],"about":[{"href":"http:\/\/www.isas.edu.ar\/web\/wp-json\/wp\/v2\/types\/page"}],"author":[{"embeddable":true,"href":"http:\/\/www.isas.edu.ar\/web\/wp-json\/wp\/v2\/users\/1"}],"replies":[{"embeddable":true,"href":"http:\/\/www.isas.edu.ar\/web\/wp-json\/wp\/v2\/comments?post=3291"}],"version-history":[{"count":8,"href":"http:\/\/www.isas.edu.ar\/web\/wp-json\/wp\/v2\/pages\/3291\/revisions"}],"predecessor-version":[{"id":4518,"href":"http:\/\/www.isas.edu.ar\/web\/wp-json\/wp\/v2\/pages\/3291\/revisions\/4518"}],"wp:attachment":[{"href":"http:\/\/www.isas.edu.ar\/web\/wp-json\/wp\/v2\/media?parent=3291"}],"curies":[{"name":"wp","href":"https:\/\/api.w.org\/{rel}","templated":true}]}}